-60 + 66 - (-145 - 0).
151
Suppose -2*d - 90 = 3*d - t, -d + 3*t - 32 = 0. Let g = d - -51. Suppose q - 3*m - g = 0, 35 = 2*q + 6*m - m. List the prime factors of q.
5
Suppose -4*p - 48 + 132 = 0. Let k(y) = -y**2 + 10*y - 12. Let d be k(9). Let a = d + p. What are the prime factors of a?
2, 3
Let m = 25 - 13. Suppose -2 - 13 = -3*g. Suppose -5*l + 2*l = 3*r - m, g*r - 20 = 4*l. List the prime factors of r.
2
Let b(s) = 19*s**2 - 11*s - 43. Let g be b(-3). Suppose -3*n - g = -275. What are the prime factors of n?
2, 19
Suppose -f + 2*f = -k + 216, 0 = 3*f. Suppose 0 = -3*s + 5*x + k, -144 = -2*s + 2*x - 3*x. List the prime factors of s.
2, 3
List the prime factors of (6 + 22424/(-32))/((-5)/20).
7, 397
Suppose 4*h - 382 + 2070 = 4*c, 0 = 3*c + h - 1274. What are the prime factors of c?
2, 53
Let w = -67 - -455. What are the prime factors of w?
2, 97
Suppose 0 = 23*p - 2881 - 3283. List the prime factors of p.
2, 67
Let b(r) = -26*r**2 - 16*r - 9. Let w(h) = 5*h**2 + 3*h + 2. Let a(y) = 2*b(y) + 11*w(y). What are the prime factors of a(-5)?
2, 37
Let j = -470 + 764. Let a = j - 61. List the prime factors of a.
233
Suppose 4*d + 0*f = 4*f + 84, -3*d - 5*f = -23. Let p be 1/1 - (-135 + d). Suppose 2*l - p = 16. What are the prime factors of l?
2, 17
Suppose -f - 4*k - 7 = 0, 2*f = -0*f + 3*k - 14. Suppose 5*j - 116 = -0*j + 2*c, -34 = -j - 5*c. Let b = j - f. What are the prime factors of b?
31
Let r = -40 - -53. Suppose -r + 78 = 5*j. List the prime factors of j.
13
Let z(m) = -23*m - 372. What are the prime factors of z(-26)?
2, 113
Let j = -54 + 31. Let r = 16 + j. Let p(x) = -x + 5. What are the prime factors of p(r)?
2, 3
Suppose -29*p = -17*p - 7488. List the prime factors of p.
2, 3, 13
Suppose -4027 = -12*y + 6137. List the prime factors of y.
7, 11
Suppose 5*u + 0*u + 25 = 0, -7959 = -2*m + u. List the prime factors of m.
41, 97
Suppose 135 + 45 = 2*d. Suppose -4*y + 3*o = -y + 54, 5*y + 2*o = -d. Let h = -9 - y. List the prime factors of h.
3
Suppose 0 = -0*c - c + 537. List the prime factors of c.
3, 179
Let u be (-633)/(-6) - (-9)/(-6). What are the prime factors of u*(3/(-1))/(-3)?
2, 13
Let p be 0/((-6)/(6/(-3))). Suppose f = -3*f + 16, p = -o - 3*f + 16. What are the prime factors of -189*o/(-36)*3?
3, 7
Let u = 0 - 16. What are the prime factors of -1 - u - (8 - 4)?
11
Suppose 2*f - 795 = 337. Suppose -f - 214 = -4*k. What are the prime factors of k?
3, 5, 13
Suppose 38 = 5*j + 3. Let m(r) = 2*r**3 - 5*r**2 + 10*r + 13. Let f(s) = -s**3 + 3*s**2 - 7*s - 9. Let a(t) = j*f(t) + 5*m(t). List the prime factors of a(2).
2, 3
Suppose -48 = -7*r + 5*r. Suppose -3*q + 21 = -r. List the prime factors of q.
3, 5
Suppose -3*v - 102*y + 98*y = -3328, -5541 = -5*v - y. What are the prime factors of v?
2, 277
Suppose -5*r - 3*a + 1922 = 0, 0 = 11*a - 7*a - 16. List the prime factors of r.
2, 191
Let u be 0 + (-2 - -18)/4. Let x be 8/(-6)*(-6)/u. Suppose -x*t + 13 + 27 = 0. What are the prime factors of t?
2, 5
Let b(u) = -u**2 + 11*u - 4. Let t be b(10). Let h = -22 - -27. Suppose t*x = h*x + 49. List the prime factors of x.
7
Suppose 71 = 3*x + 5*r, x - 3*r - 5 = -0*r. Let a = 13 - x. List the prime factors of 392/22 + a/(-22).
2, 3
Suppose m + q = 761, -4 - 6 = 5*q. List the prime factors of m.
7, 109
Suppose 2*a - 9 = 1. Suppose a*o = 6*o - 20. List the prime factors of o.
2, 5
List the prime factors of (-4)/(-6) - (-25112)/24.
3, 349
Let f = 60 + -41. What are the prime factors of ((-141)/(-2))/(f/38)?
3, 47
Let j(r) = r. Suppose 0*q - 2*q = -2*s, -5*q - 3*s = 0. Let d be j(q). Suppose -2*o + g + 50 = 0, 0 = o - d*o - g - 26. List the prime factors of o.
2, 3
Let k(r) = -r**3 + r**2 + 2*r + 1. Let b be k(-2). Let d be b/2*(-10)/(-15). Suppose -d*u = -3*n + 144, 4*n - 99 - 98 = 5*u. List the prime factors of n.
43
Suppose 19 = -5*a - 1. Let d(l) = -38*l - 9. Let i be d(a). Suppose -5*y - 38 = -i. What are the prime factors of y?
3, 7
Suppose 4*a + 7*f - 3315 = 2*f, a = 2*f + 845. List the prime factors of a.
5, 167
Let j = 34 - -71. Let k be (5 + 0)/(7/(-105)). Let b = j + k. What are the prime factors of b?
2, 3, 5
Let v be 0 - (-1 + 3 + -2). Suppose v = 4*h - 9*h + 5*t + 690, 550 = 4*h - 5*t. Suppose 5*a = h + 55. List the prime factors of a.
3, 13
What are the prime factors of 150/(-4)*(301/(-21) - 5)?
5, 29
Suppose 4*u + 672 + 96 = 0. Let r = u - -279. List the prime factors of r.
3, 29
Suppose -13*w + 9*w + 8 = 0. Suppose 4*q = 2*s - 14, -5*s = 4*q - w + 37. List the prime factors of (2/s)/((-8)/108).
3
Suppose -4*j - 1132 = -5*p + p, -j + 281 = p. List the prime factors of p.
2, 3, 47
What are the prime factors of (-20711)/(-6) + 11/66?
2, 863
Suppose 0 = -k + g - 1, -2*g = -7*g + 5. Let j(q) = -q**2 + 3*q + q + 14 - 3*q. What are the prime factors of j(k)?
2, 7
Suppose 9*b + 1 = 145. Let l = b - 12. What are the prime factors of l?
2
Suppose 2*o + 1 = o, 2*c = -2*o + 722. What are the prime factors of c?
2, 181
Let u(y) = 15*y**3 - 5*y**2 + 5*y + 2. What are the prime factors of u(2)?
2, 7
Let v(j) = j**3 - 8*j**2 - 16*j + 9. Let y(b) = -3*b**3 + 23*b**2 + 49*b - 28. Let m(x) = -7*v(x) - 2*y(x). List the prime factors of m(11).
2, 13
Suppose -5*o = -4*y + 3883, 1028 - 4908 = -4*y + 4*o. What are the prime factors of y?
967
Suppose -2*c = -i - 1013, 2*c + 2*i - 6*i = 1016. What are the prime factors of 6/9 + c/6?
5, 17
What are the prime factors of (-8 - (-28)/5)*1720/(-3)?
2, 43
Suppose 3*t = 2*m - 27, -t = 4*m - 4*t - 57. Suppose z - 4*d - 23 = -1, 0 = 3*d + m. What are the prime factors of 4 + z + -5 + 6?
7
Let f be -213*5/(2 + 13). Let k = -43 - f. List the prime factors of (-8)/k - 520/(-7).
2, 37
Suppose -638 = -5*r - 203. Suppose -r = -c - 2*c. List the prime factors of c.
29
Let l = -3 + 7. Suppose -5*j + 48 = -l*j. Suppose -6*h + j = -3*h. What are the prime factors of h?
2
Let m be ((-3)/((-3)/830))/(-6 - -7). Suppose -m = -12*w + 2*w. What are the prime factors of w?
83
List the prime factors of 2/9 + 296920/360.
3, 5, 11
Let t = 16 + -5. Let g = t - 10. List the prime factors of (-13)/(g/(-2)*1).
2, 13
Let q be (-17)/4 - 5/(-20). Let p = -2 + q. Let t = 3 - p. What are the prime factors of t?
3
Suppose 11*w - 22 = -11*w. What are the prime factors of (279 + 1 + -5)/w?
5, 11
What are the prime factors of (-622875)/(-500) + 3/(-4) + 1?
2, 7, 89
Suppose 3*n + 24 = -0*n. Let b = n + 7. Let p = b + 7. List the prime factors of p.
2, 3
Suppose -1 = 2*w - 3*w, 5*w = 4*o + 13. Let q(b) = -23*b + 7. What are the prime factors of q(o)?
53
Let j(u) = 2*u**3 + 2*u**2 - 3*u - 1. Let z = -8 - -11. Let g be j(z). Let k = -40 + g. What are the prime factors of k?
2, 11
Suppose -17524 = 3*t - 16*t. What are the prime factors of t?
2, 337
Suppose 5*q = -3*w + q + 307, 5*q = -4*w + 410. Suppose 3*r - 93 = w. Let t = r + -42. What are the prime factors of t?
2, 3
Suppose -18396 = -17*j + 3738. What are the prime factors of j?
2, 3, 7, 31
Suppose -6 + 0 = 2*d. Let s be d/6 - (-262)/(-4). Let l = 98 + s. List the prime factors of l.
2
Let d = 6424 - 2580. What are the prime factors of d?
2, 31
Let i(u) = u**3 - 6*u**2 - 7*u + 22. What are the prime factors of i(9)?
2, 101
Suppose 0 = -2*p + p + 4*w - 14, -w = p - 11. Let i(s) = s - 4. Let l be i(p). Suppose -r + 46 = 7*f - 2*f, -3*r + 99 = l*f. List the prime factors of r.
31
Suppose -18*t + 4833 = -8271. What are the prime factors of t?
2, 7, 13
Let t = -7 + 7. Suppose -5*w + 0*w + 450 = t. What are the prime factors of 1/((-3)/w*-1)?
2, 3, 5
Let y = 1 + 1. Let k(v) = 0*v**2 + 22 + v + 2*v**y + 15*v - v**2. What are the prime factors of k(-15)?
7
Let c(w) = -w**2 - 8*w + 11. Let m be ((-2)/((-2)/9))/(-1). Let l be c(m). Suppose 0 = -3*p - l*r + 202, 2*p - 49 - 85 = -r. What are the prime factors of p?
2, 3, 11
Let h = -18 + 23. Suppose -3*z = -9, -h*g + z + 2*z - 9 = 0. What are the prime factors of (-3 + g)/(3/(-39))?
3, 13
Suppose -19 = 4*v - 655. Suppose -w - 45 = -2*w - a, 0 = 4*w - 3*a - v. Suppose -3*y + w = 3*y. What are the prime factors of y?
7
Let x = 108 + -101. Suppose 0 = 4*q - x*q + 159. List the prime factors of q.
53
Let a(d) = -d**3 - d**2 - d - 1. Let p(t) = 3*t**3 + 11*t**2 + 6*t + 3. Let i(l) = -4*a(l) - p(l). List the prime factors of i(8).
7
Let f = -381 - -640. List 